{"id":22,"date":"2017-01-19T19:39:42","date_gmt":"2017-01-19T19:39:42","guid":{"rendered":"http:\/\/www.gkvitkovice.cz\/Cviceni-rodicu-s-detmi-104.html"},"modified":"2025-09-15T08:10:47","modified_gmt":"2025-09-15T08:10:47","slug":"cviceni-rodicu-s-detmi-104","status":"publish","type":"page","link":"http:\/\/gkvitkovice.cz\/?page_id=22","title":{"rendered":"N\u00e1bor \u010dlen\u016f"},"content":{"rendered":"<p><script type=\"text\/javascript\"> \/\/ <![CDATA[ (function(d, s, id) { var js, fjs = d.getElementsByTagName(s)[0]; if (d.getElementById(id)) return; js = d.createElement(s); js.id = id; js.src = \"\/\/connect.facebook.net\/cs_CZ\/sdk.js#xfbml=1&#038;version=v2.5\"; fjs.parentNode.insertBefore(js, fjs); }(document, 'script', 'facebook-jssdk')); \/\/ ]]> <\/script><\/p>\n<p style=\"text-align: center;\"><span style=\"text-decoration: underline; color: #0000ff; font-size: large;\"><strong>Zveme v\u00e1s na n\u00e1bor nov\u00fdch \u010dlen\u016f!<\/strong><\/span><\/p>\n<p style=\"text-align: center;\"><strong>D\u011bv\u010data ro\u010dn\u00edky narozen\u00ed 2019-2021, chlapci ro\u010dn\u00edky narozen\u00ed 2018-2019.<\/strong><\/p>\n<p style=\"text-align: center;\"><span style=\"color: #ff0000;\"><strong>N\u00e1bor nov\u00fdch \u010dlen\u016f bude prob\u00edhat v lednu 2026.<\/strong><\/span><\/p>\n<p>D\u00e1le je aktu\u00e1ln\u011b mo\u017en\u00e9 podat p\u0159ihl\u00e1\u0161ku na <a href=\"http:\/\/gkvitkovice.cz\/?page_id=58\">Cvi\u010den\u00ed pro dosp\u011bl\u00e9 a ml\u00e1de\u017e<\/a> s n\u00e1stupem od z\u00e1\u0159\u00ed nebo do <a href=\"https:\/\/gkvitkovice.cz\/?page_id=4599\">Gymnastick\u00e9 \u0161koli\u010dky<\/a>. Podm\u00ednkou pro p\u0159ihl\u00e1\u0161ku do \u0161koli\u010dky je dovr\u0161en\u00fd v\u011bk 3 roky. Pokud jsou d\u011bti narozen\u00e9 v roce 2022 v \u0159\u00edjnu &#8211; prosinci, mohou se p\u0159ihl\u00e1sit, ale n\u00e1stup bude mo\u017en\u00fd a\u017e v m\u011bs\u00edci, kdy dovr\u0161\u00ed 3 roky.<\/p>\n<ul>\n<li>\n<p>P\u0159\u00edpadn\u00e9 dotazy na e-mailu gkvitkovice@seznam.cz nebo na telefonech: 722 567 699 a 731 167 655.<\/p>\n<\/li>\n<li>Cvi\u010den\u00ed vedou kvalifikovan\u00ed tren\u00e9\u0159i a cvi\u010ditel\u00e9 na\u0161eho klubu.<\/li>\n<\/ul>\n<ul>\n<li>Tr\u00e9ninky p\u0159\u00edpravky prob\u00edhaj\u00ed 2x t\u00fddn\u011b ve specializovan\u00e9 t\u011blocvi\u010dn\u011b vybaven\u00e9 kvalitn\u00edm gymnastick\u00fdm n\u00e1\u0159ad\u00edm a trvaj\u00ed 60 a\u017e 120 min.<\/li>\n<\/ul>\n<ul>\n<li>Cvi\u010den\u00ed je zam\u011b\u0159eno na rozvoj pohybov\u00fdch schopnost\u00ed, p\u0159edev\u0161\u00edm z\u00e1kladn\u00edch obratnostn\u00edch schopnost\u00ed, rychlostn\u00edch a silov\u00fdch schopnost\u00ed a spr\u00e1vn\u00e9ho dr\u017een\u00ed t\u011bla.<\/li>\n<\/ul>\n<ul>\n<li>Z\u00edskan\u00e9 pohybov\u00e9 schopnosti bude moci va\u0161e d\u00edt\u011b vyu\u017e\u00edt pro dal\u0161\u00ed specializaci ve sportovn\u00ed gymnastice a je z\u00e1rove\u0148 v\u00fdbornou pr\u016fpravou pro v\u0161echny druhy sportu (fotbal, tanec, ly\u017eov\u00e1n\u00ed, plav\u00e1n\u00ed, atletika apod.)<\/li>\n<\/ul>\n<ul>\n<li>Z v\u00fdzkumu vypl\u00fdv\u00e1, \u017ee sportovn\u00ed a fyzick\u00e9 aktivity jsou prosp\u011b\u0161n\u00e9 nejen pro zdrav\u00ed, kondici a vytrvalost d\u011bt\u00ed, ale i pro jejich psychick\u00e9 a soci\u00e1ln\u00ed zdrav\u00ed, \u010deho\u017e v\u00fdznamn\u00fdm d\u016fkazem je i to, \u017ee d\u011bti, kter\u00e9 sportuj\u00ed, se projevuj\u00ed pozitivn\u011bj\u0161\u00edm spole\u010densk\u00fdm chov\u00e1n\u00edm, maj\u00ed lep\u0161\u00ed spole\u010densk\u00e9 dovednosti a rozv\u00edj\u00ed se u nich v\u011bt\u0161\u00ed smysl pro osobn\u00ed zodpov\u011bdnost.<\/li>\n<\/ul>\n<p style=\"text-align: center;\">\u00a0<a href=\"wp-content\/uploads\/puvodni\/upload\/201206\/DSC_0074.jpg\" target=\"_blank\" rel=\"noopener noreferrer\"><img loading=\"lazy\" src=\"wp-content\/uploads\/puvodni\/upload\/201206\/59\/DSC_0074_360x240.jpg\" alt=\"\" width=\"360\" height=\"240\" \/><\/a><\/p>\n\n\n<p><\/p>\n","protected":false},"excerpt":{"rendered":"<p>Zveme v\u00e1s na n\u00e1bor nov\u00fdch \u010dlen\u016f! D\u011bv\u010data ro\u010dn\u00edky narozen\u00ed 2019-2021, chlapci ro\u010dn\u00edky narozen\u00ed 2018-2019. N\u00e1bor nov\u00fdch \u010dlen\u016f bude prob\u00edhat v<\/p>\n","protected":false},"author":2,"featured_media":0,"parent":0,"menu_order":0,"comment_status":"open","ping_status":"closed","template":"","meta":[],"_links":{"self":[{"href":"http:\/\/gkvitkovice.cz\/index.php?rest_route=\/wp\/v2\/pages\/22"}],"collection":[{"href":"http:\/\/gkvitkovice.cz\/index.php?rest_route=\/wp\/v2\/pages"}],"about":[{"href":"http:\/\/gkvitkovice.cz\/index.php?rest_route=\/wp\/v2\/types\/page"}],"author":[{"embeddable":true,"href":"http:\/\/gkvitkovice.cz\/index.php?rest_route=\/wp\/v2\/users\/2"}],"replies":[{"embeddable":true,"href":"http:\/\/gkvitkovice.cz\/index.php?rest_route=%2Fwp%2Fv2%2Fcomments&post=22"}],"version-history":[{"count":62,"href":"http:\/\/gkvitkovice.cz\/index.php?rest_route=\/wp\/v2\/pages\/22\/revisions"}],"predecessor-version":[{"id":7175,"href":"http:\/\/gkvitkovice.cz\/index.php?rest_route=\/wp\/v2\/pages\/22\/revisions\/7175"}],"wp:attachment":[{"href":"http:\/\/gkvitkovice.cz\/index.php?rest_route=%2Fwp%2Fv2%2Fmedia&parent=22"}],"curies":[{"name":"wp","href":"https:\/\/api.w.org\/{rel}","templated":true}]}}

Nábor členů

<p><script type="text/javascript"> // <![CDATA[ (function(d, s, id) { var js, fjs = d.getElementsByTagName(s)[0]; if (d.getElementById(id)) return; js = d.createElement(s); js.id = id; js.src = "//connect.facebook.net/cs_CZ/sdk.js#xfbml=1&#038;version=v2.5"; fjs.parentNode.insertBefore(js, fjs); }(document, 'script', 'facebook-jssdk')); // ]]> </script></p>
<p style="text-align: center;"><span style="text-decoration: underline; color: #0000ff; font-size: large;"><strong>Zveme vás na nábor nových členů!</strong></span></p>
<p style="text-align: center;"><strong>Děvčata ročníky narození 2019-2021, chlapci ročníky narození 2018-2019.</strong></p>
<p style="text-align: center;"><span style="color: #ff0000;"><strong>Nábor nových členů bude probíhat v lednu 2026.</strong></span></p>
<p>Dále je aktuálně možné podat přihlášku na <a href="http://gkvitkovice.cz/?page_id=58">Cvičení pro dospělé a mládež</a> s nástupem od září nebo do <a href="https://gkvitkovice.cz/?page_id=4599">Gymnastické školičky</a>. Podmínkou pro přihlášku do školičky je dovršený věk 3 roky. Pokud jsou děti narozené v roce 2022 v říjnu &#8211; prosinci, mohou se přihlásit, ale nástup bude možný až v měsíci, kdy dovrší 3 roky.</p>
<ul>
<li>
<p>Případné dotazy na e-mailu gkvitkovice@seznam.cz nebo na telefonech: 722 567 699 a 731 167 655.</p>
</li>
<li>Cvičení vedou kvalifikovaní trenéři a cvičitelé našeho klubu.</li>
</ul>
<ul>
<li>Tréninky přípravky probíhají 2x týdně ve specializované tělocvičně vybavené kvalitním gymnastickým nářadím a trvají 60 až 120 min.</li>
</ul>
<ul>
<li>Cvičení je zaměřeno na rozvoj pohybových schopností, především základních obratnostních schopností, rychlostních a silových schopností a správného držení těla.</li>
</ul>
<ul>
<li>Získané pohybové schopnosti bude moci vaše dítě využít pro další specializaci ve sportovní gymnastice a je zároveň výbornou průpravou pro všechny druhy sportu (fotbal, tanec, lyžování, plavání, atletika apod.)</li>
</ul>
<ul>
<li>Z výzkumu vyplývá, že sportovní a fyzické aktivity jsou prospěšné nejen pro zdraví, kondici a vytrvalost dětí, ale i pro jejich psychické a sociální zdraví, čehož významným důkazem je i to, že děti, které sportují, se projevují pozitivnějším společenským chováním, mají lepší společenské dovednosti a rozvíjí se u nich větší smysl pro osobní zodpovědnost.</li>
</ul>
<p style="text-align: center;"> <a href="wp-content/uploads/puvodni/upload/201206/DSC_0074.jpg" target="_blank" rel="noopener noreferrer"><img loading="lazy" src="wp-content/uploads/puvodni/upload/201206/59/DSC_0074_360x240.jpg" alt="" width="360" height="240" /></a></p>


<p></p>

<p>Zveme vás na nábor nových členů! Děvčata ročníky narození 2019-2021, chlapci ročníky narození 2018-2019. Nábor nových členů bude probíhat v</p>
